s divided by 9?
7
Suppose 3*y + 4*b = 34, -4*y + 0*y = b - 28. Suppose -c + 31 = 4*v, 4*v - y*c = -3*c + 35. Calculate the remainder when v is divided by 3.
2
Suppose 25 = 5*f, -4*p + 4*f + 91 = -f. Suppose 0 = -2*j + j + 8. Calculate the remainder when p is divided by j.
5
Let w(z) = z**3 - z**2 - z + 34. Calculate the remainder when w(0) is divided by 7.
6
Let j(c) = c**2 - 5*c + 4. Let n be j(3). What is the remainder when 2/(-6) - (-110)/15 is divided by 110/30 - n/(-3)?
1
Let n(m) = 3*m + 10. Let x = -27 + 38. Calculate the remainder when n(7) is divided by x.
9
Suppose -3 = -3*q + 3, -4*a = 5*q - 246. Calculate the remainder when a is divided by 15.
14
Let u(o) = 10 + o - 3 + 1. Calculate the remainder when 14 is divided by u(0).
6
Let h(v) = 2*v**2 + 1 + 0*v + v - v**2 + 0. Calculate the remainder when 12 is divided by h(-3).
5
Let h = 24 - 21. What is the remainder when 14 is divided by h?
2
Suppose 2*g - 3*b - 5 = 0, -5*b - 8 + 1 = -3*g. Let s(h) = h**3 - 4*h**2 + 4*h - 6. What is the remainder when 29 is divided by s(g)?
9
Suppose -3*v = -d + 19, 7*v - 46 = -3*d + 5*v. What is the remainder when 77 is divided by d?
13
Let p(a) = -a**3 - 8*a**2 - a - 4. Let u be p(-8). Suppose u*k - 3*k - 3 = -y, 4*k + 12 = -y. Let v = 23 - y. Calculate the remainder when 58 is divided by v.
13
What is the remainder when ((-8)/(-3))/(4/78) is divided by 4/(4*2/36)?
16
Let a(l) = l + 1. What is the remainder when a(6) is divided by 5?
2
Suppose -3*y + 4 = -20. Calculate the remainder when 30 is divided by y.
6
Let x = 4 + -3. What is the remainder when 66 is divided by -2 + 19 + (1 - x)?
15
Suppose 4*z + 20 = 2*z. Suppose -44 = -2*o + i - 15, -5*i = -5. What is the remainder when o is divided by 4/z - 176/(-40)?
3
Suppose -5*x + 3 + 7 = 0. Calculate the remainder when (1/x)/(4/160) is divided by 4 + 2 + 1 - 0.
6
Suppose -3*s + 3*r - 21 = 0, 0*r + r + 11 = -2*s. What is the remainder when 24 is divided by (-52)/s - 1/(-3)?
6
Suppose 5*v + 140 = 4*j, -4*j - 2*v + 139 = -1. Suppose -10 = -r + 2*d, 0*d - d - 68 = -4*r. Calculate the remainder when j is divided by r/4*(-24)/(-9).
11
Suppose -7*h + 40 + 44 = 0. Calculate the remainder when h is divided by 4.
0
Let j(r) = -r**3 - 5*r**2 - 5*r - 2. What is the remainder when -2*7/(-2) - 0 is divided by j(-4)?
1
Suppose 2 + 10 = 2*y. Calculate the remainder when 13 is divided by y.
1
Let r(b) = b**3 - 14*b**2 + 15*b - 14. What is the remainder when 46 is divided by r(13)?
10
Let v(k) = -k + 20. Calculate the remainder when v(-21) is divided by (0 - (-33)/12)*4.
8
Suppose 0*y - 4*y = -164. Calculate the remainder when y is divided by 14.
13
Suppose 1 + 9 = 5*d. Let t = d - -1. What is the remainder when 6 is divided by t?
0
Let b(p) = 12 + 17 + 0*p + p. What is the remainder when b(-12) is divided by 6?
5
Suppose -4*o = -3*q - 64, -2*o = 3*o + 5*q - 80. What is the remainder when o is divided by 6?
4
Suppose 0 = s + 5*j - 40 - 0, -3*s - 3*j + 60 = 0. Suppose f = 3 + 17. What is the remainder when s is divided by ((-16)/5)/((-8)/f)?
7
Let v(p) = p**2 + 4*p - 7. Calculate the remainder when -2*(3 - (18 + -7)) is divided by v(-6).
1
Calculate the remainder when 14 is divided by (-11)/(-1) - (10 - 7).
6
Let j(u) = 13*u - 1. Suppose 2*k = -0*k + 4. Suppose 4*g = 10 + k. What is the remainder when j(g) is divided by 13?
12
Suppose 3*t = -22 + 49. Let o(b) = b**2 - b - 4. Calculate the remainder when o(5) is divided by t.
7
Suppose -4*l = -4*s + 64 - 4, -8 = 2*l. What is the remainder when 40 is divided by s?
7
Suppose 0 = -w + 2. What is the remainder when 2 is divided by w?
0
Suppose -2*z - z - 40 = 2*r, -4*z = 16. Let a = r + 32. Calculate the remainder when 35 is divided by a.
17
Suppose 19 = l + 2*z, -4*z - 6 = 3*l - 65. What is the remainder when 39 is divided by l?
18
Suppose 0*a + 3*a = 24. Calculate the remainder when (-23 - -1)/(2/(-2)) is divided by a.
6
Let q(j) = j**3 - 23*j**2 - 21*j - 48. What is the remainder when 141 is divided by q(24)?
21
Let z = 2 + -2. Suppose z = -2*a + 7 + 11. Suppose -2*d = t - 47, 57 = -d + 3*d - t. What is the remainder when d is divided by a?
8
Let a(v) = v - 13. Let x be a(-11). Let q = 34 + x. Calculate the remainder when 17 is divided by q.
7
Suppose 4*c - v - 39 = 0, -4*v - 16 + 36 = 0. Suppose 2 - 6 = -2*t. Suppose -t*h - c = -53. What is the remainder when h is divided by 11?
10
Let u be ((-2)/(-2))/(2/10). Suppose -u - 5 = -f. What is the remainder when f is divided by 4?
2
Suppose 0 = -2*p - 6 + 54. Calculate the remainder when (4 + 20 - 2/4)*2 is divided by p.
23
Let g(c) = -c**2 + c + 14. Let k(n) = 2*n**3 - 7*n**2 + 12*n - 10. What is the remainder when k(4) is divided by g(0)?
12
Suppose -185 - 82 = -3*b. Let n(a) = -a. Let m be n(-4). Suppose -m*l - 1 + b = 0. What is the remainder when l is divided by 8?
6
Suppose -68 = -4*s - 2*c, -57 = -4*s + 2*c + 19. What is the remainder when 33 is divided by s?
15
Let d(r) = -r**3 + 8*r**2 - 9*r - 11. What is the remainder when 75 is divided by d(5)?
18
Let r be (-439)/(-3) - 10/(-15). Suppose -o + r = 2*o. What is the remainder when o is divided by 17?
15
Let y(c) = -4*c + 17. Calculate the remainder when y(-9) is divided by 14.
11
Suppose 4*v = -71 - 297. Let c = v + 162. Calculate the remainder when c is divided by 18.
16
Suppose -t = 3*t - 140. Let m(y) = y + 8. What is the remainder when t is divided by m(10)?
17
Suppose 0 = x + 2, -4*b + 3*b - 5*x = 9. Let w = -1 + b. Suppose -15 = -h - 3*c - w*c, 4*h = -3*c + 60. Calculate the remainder when h is divided by 8.
7
Suppose 12 = -4*o, -2*o + 10 + 28 = 4*x. Suppose -2*u + 1 = -x. Let p = 16 - u. Calculate the remainder when 28 is divided by p.
8
Let v be (-1 - 2 - -6) + 0. Suppose -v*p = p - 68. What is the remainder when 48 is divided by p?
14
Suppose 0 = 5*k - 6*k + 6. Calculate the remainder when 23 is divided by k.
5
Let a(q) = -q**2 - 2*q - 5. Let i(g) = g**2 + g + 4. Let j(l) = 4*a(l) + 5*i(l). Calculate the remainder when j(5) is divided by 6.
4
Suppose -5 - 19 = -6*m. What is the remainder when m is divided by 2?
0
Let k(g) = -g + 7. Let n = 51 - -88. Suppose 41 = 4*o - n. Calculate the remainder when o is divided by k(-5).
9
Suppose -5*j = 5*s - s - 41, -5*s + 35 = 3*j. Calculate the remainder when 2/(s/10) - 0 is divided by 4.
1
Suppose 16*f = 12*f + 28. Calculate the remainder when 36 is divided by f.
1
Let z(k) = k**3 + k**2 + k + 27. Suppose 2*r - 14 = -4*c + 102, -3*c - 251 = -5*r. Calculate the remainder when r is divided by z(0).
25
Let l(k) = 12*k**2 - k + 7. What is the remainder when l(3) is divided by 23?
20
Let n be 12/(-4) + 9*1. Suppose n*u = 3*u + 129. Let b = 19 - 4. Calculate the remainder when u is divided by b.
13
Let i(t) = -t**3 - 3*t**2 - 3*t - 6. Let v be i(-3). Calculate the remainder when 1/v - (-2110)/15 is divided by 36.
33
Let j = 6 - 3. Suppose 11*r - 8*r = 39. What is the remainder when r is divided by j - (0 + 2 - 4)?
3
Let w = -2 + -4. Let u(h) = -h**3 - 6*h**2 - 2*h - 6. Let n be u(w). Suppose n*d = d + 85. Calculate the remainder when 50 is divided by d.
16
Let d be (-3)/18*3*10. Let j = d - -14. What is the remainder when j is divided by 5?
4
What is the remainder when 51 is divided by (-7 + 4)/(4/(-12))?
6
Let h(j) = -j**3 + 11*j**2 - 7*j - 15. What is the remainder when 72 is divided by h(10)?
12
What is the remainder when 82*4*(-1)/(-8) is divided by 22?
19
Suppose -2*g + 91 = 5*g. Calculate the remainder when 102 is divided by g.
11
Suppose -b = -0*b. Let x(j) be the first derivative of -j**3/3 + j**2/2 + 16*j - 5. What is the remainder when x(b) is divided by 9?
7
Let t be (-297)/(-9) - (-6)/2. Let o = t + -28. Let g = 37 - 15. What is the remainder when g is divided by o?
6
Suppose -7*i + 0 = -28. Calculate the remainder when 6 is divided by i.
2
Suppose 4*f = d + 28 + 19, 5*f = 3*d + 64. Let o be (-146)/((1 - 1) + -2). Let a = o + -42. Calculate the remainder when a is divided by f.
9
Suppose 0 = -11*s + 5*s + 126. Calculate the remainder when s is divided by 7.
0
Let c = 17 - 8. Calculate the remainder when 12 is divided by c.
3
Let g(d) = d**2 + 5*d - 6. Let z be g(-5). Let x(j) = -4*j - 9. Suppose 5*n - 84 = 2*n. What is the remainder when n is divided by x(z)?
13
Suppose 44 = y - 32. Calculate the remainder when